536513 is divided by 4.
1
Calculate the remainder when 929361 is divided by 701.
536
What is the remainder when 69315 is divided by 61570?
7745
What is the remainder when 16822 is divided by 4069?
546
What is the remainder when 80389 is divided by 10031?
141
Calculate the remainder when 2816985 is divided by 3314.
85
Calculate the remainder when 259409 is divided by 31858.
4545
Calculate the remainder when 11559283 is divided by 1442.
211
Calculate the remainder when 35915 is divided by 30782.
5133
What is the remainder when 41575518 is divided by 519?
504
What is the remainder when 20315052 is divided by 370?
202
Calculate the remainder when 789431 is divided by 394675.
81
Calculate the remainder when 306401 is divided by 269.
10
What is the remainder when 9169527 is divided by 146?
143
Calculate the remainder when 9345002 is divided by 251.
21
Calculate the remainder when 95585 is divided by 22299.
6389
What is the remainder when 3529910 is divided by 135765?
20
What is the remainder when 43203889 is divided by 115?
114
What is the remainder when 240339 is divided by 40051?
33
Calculate the remainder when 9558064 is divided by 1593001.
58
Calculate the remainder when 2442051854 is divided by 3173.
3172
What is the remainder when 3437750 is divided by 2709?
29
What is the remainder when 12108635 is divided by 43?
7
What is the remainder when 4469703 is divided by 282?
3
Calculate the remainder when 1273033 is divided by 20.
13
Calculate the remainder when 577394 is divided by 577194.
200
Calculate the remainder when 3962694 is divided by 30.
24
What is the remainder when 733628 is divided by 341?
137
Calculate the remainder when 382453 is divided by 91.
71
What is the remainder when 111000657 is divided by 15857236?
5
What is the remainder when 175654 is divided by 339?
52
Calculate the remainder when 11489 is divided by 947.
125
Calculate the remainder when 630969 is divided by 534.
315
Calculate the remainder when 332998 is divided by 110592.
1222
What is the remainder when 64611300 is divided by 179?
176
Calculate the remainder when 191346159 is divided by 6.
3
What is the remainder when 77045228 is divided by 14?
8
Calculate the remainder when 609574844 is divided by 1632.
1628
Calculate the remainder when 15370459 is divided by 66.
49
What is the remainder when 22232 is divided by 2104?
1192
Calculate the remainder when 321197 is divided by 57.
2
Calculate the remainder when 11640151 is divided by 103.
18
Calculate the remainder when 512955 is divided by 37.
24
What is the remainder when 7109050 is divided by 236968?
10
What is the remainder when 44447933 is divided by 36?
29
Calculate the remainder when 73573 is divided by 73430.
143
Calculate the remainder when 2701214 is divided by 111.
29
What is the remainder when 44303 is divided by 354?
53
Calculate the remainder when 337066 is divided by 3774.
1180
What is the remainder when 541767 is divided by 2797?
1946
What is the remainder when 2462713 is divided by 79422?
631
What is the remainder when 92037 is divided by 3990?
267
What is the remainder when 31824612 is divided by 542?
540
What is the remainder when 210372748 is divided by 11?
3
What is the remainder when 7227854 is divided by 380413?
7
What is the remainder when 723646 is divided by 2957?
2138
Calculate the remainder when 38814773 is divided by 2849.
2846
What is the remainder when 1606747 is divided by 28?
23
Calculate the remainder when 157158463 is divided by 344.
343
What is the remainder when 478488 is divided by 42?
24
Calculate the remainder when 15271457 is divided by 51075.
32
What is the remainder when 158899 is divided by 107?
4
What is the remainder when 130188 is divided by 32544?
12
What is the remainder when 3740862 is divided by 5567?
5405
What is the remainder when 366434 is divided by 77?
68
Calculate the remainder when 775453809 is divided by 42.
39
Calculate the remainder when 78733 is divided by 9256.
4685
What is the remainder when 1336408 is divided by 8512?
24
Calculate the remainder when 16021 is divided by 4514.
2479
What is the remainder when 84544954 is divided by 110?
54
Calculate the remainder when 195369 is divided by 98.
55
Calculate the remainder when 7557985 is divided by 184.
1
What is the remainder when 147260 is divided by 12270?
20
Calculate the remainder when 42582 is divided by 4258.
2
What is the remainder when 12075 is divided by 1036?
679
What is the remainder when 17886866 is divided by 16246?
20
Calculate the remainder when 1973760 is divided by 6073.
35
What is the remainder when 4728398 is divided by 2181?
2171
Calculate the remainder when 627559 is divided by 5102.
13
Calculate the remainder when 79556 is divided by 612.
608
What is the remainder when 5803529 is divided by 141?
110
What is the remainder when 36286025 is divided by 53?
52
Calculate the remainder when 11953133 is divided by 1278.
1277
What is the remainder when 29264 is divided by 934?
310
Calculate the remainder when 442516 is divided by 76.
44
What is the remainder when 125059 is divided by 2044?
375
What is the remainder when 79500 is divided by 77902?
1598
Calculate the remainder when 641472 is divided by 400.
272
What is the remainder when 30021 is divided by 4787?
1299
What is the remainder when 1558339 is divided by 836?
35
What is the remainder when 20240551 is divided by 55?
1
Calculate the remainder when 118776 is divided by 59381.
14
Calculate the remainder when 814832 is divided by 19.
17
What is the remainder when 2089932 is divided by 139328?
12
What is the remainder when 8420330 is divided by 284?
14
Calculate the remainder when 2614372 is divided by 49.
26
Calculate the remainder when 1395301 is divided by 4459.
4093
What is the remainder when 1822237 is divided by 16?
13
Calculate the remainder when 270830303 is divided by 261.
260
What is the remainder when 7939037 is divided by 7561?
7548
Calculate the remainder when 9470739 is divided by 8.
3
Calculate the remainder when 365208 is divided by 131.
111
What is the remainder when 1085518 is divided by 234?
226
What is the remainder when 3497944 is divided by 28?
16
Calculate the remainder when 27998157 is divided by 516.
513
What is the remainder when 108659567 is divided by 8?
7
What is the remainder when 8625552 is divided by 181?
178
Calculate the remainder when 5753554 is divided by 230139.
79
Calculate the remainder when 2383710 is divided by 93.
27
Calculate the remainder when 5000490 is divided by 5000437.
53
Calculate the remainder when 1870493 is divided by 6753.
6665
What is the remainder when 9980315 is divided by 2770?
5
Calculate the remainder when 144469910 is divided by 1655.
1650
Calculate the remainder when 638239 is divided by 123.
115
What is the remainder when 56871 is divided by 17?
6
What is the remainder when 46648 is divided by 157?
19
What is the remainder when 2169765 is divided by 542436?
21
Calculate the remainder when 554376 is divided by 277151.
74
What is the remainder when 20497549 is divided by 6460?
6429
What is the remainder when 657038 is divided by 2920?
38
Calculate the remainder when 52882573 is divided by 550860.
13
What is the remainder when 143293 is divided by 5545?
4668
Calculate the remainder when 96312 is divided by 32044.
180
What is the remainder when 20358197 is divided by 21?
20
What is the remainder when 16825315 is divided by 649?
639
Calculate the remainder when 37756176 is divided by 3803.
3795
What is the remainder when 409554 is divided by 4492?
782
What is the remainder when 6942872 is divided by 2314254?
110
What is the remainder when 22857 is divided by 15691?
7166
Calculate the remainder when 3332249 is divided by 20955.
404
What is the remainder when 420259 is divided by 59842?
1365
What is the remainder when 95365 is divided by 7871?
913
What is the remainder when 104196 is divided by 401?
337
What is the remainder when 26577 is divided by 973?
306
Calculate the remainder when 1099875 is divided by 3376.
2675
What is the remainder when 47896506 is divided by 23?
18
What is the remainder when 683841 is divided by 40038?
3195
Calculate the remainder when 11894288 is divided by 3964755.
23
Calculate the remainder when 74079002 is divided by 18519750.
2
Calculate the remainder when 